6 - -2 - -11)
9
420 - 429 - (1 + -34)
24
What is -10 + (-11 - -20) + -5?
-6
4 - (1 - -6) - (13 + 0 + -2)
-14
Calculate -15 - 1 - (-7 - (-2 - -5)).
-6
(-379 - -372) + (5 - 0)
-2
Calculate -4 + 5 + -3 + 0 + -8.
-10
Evaluate 237 + -260 - (-15 - 1) - (22 + -1).
-28
What is (603 - 599) + (-2 - -2 - 1 - -7)?
10
Calculate 4 - (5 - (-8 + 4)).
-5
4 + -6 + 29 + -20 + 30
37
What is (-16 - -41) + -27 + 12 + -3?
7
1 + -20 - 1 - (-271 - -271)
-20
What is the value of -3 - (13 - 3) - -15?
2
Evaluate 17 - 12 - (1 + (1 - -1)) - 0.
2
24 + 9 + 4 + (-23 + 7 - -1)
22
What is (-1 + 7 + (-5 - -5) - 17) + 8?
-3
Evaluate 10 - (-1 + (-10 - (7 - 1))) - 0.
27
20 + -7 + (-1 - (7 + -16))
21
Evaluate 193 + -211 - (1 - 6) - -30.
17
What is the value of 0 + -19 + -5 + 8 + (-1 - -2)?
-15
(-26 - 29) + 45 + -11
-21
What is the value of -283 + 285 - (13 - (-1 + 2))?
-10
40 - (1 + 2) - (-54 + 60)
31
What is 13 + -28 + 18 - 28?
-25
Evaluate 0 + (-8 - 1 - (-2 - (1 - 0))).
-6
Calculate -10 + 1 + -15 + -3 + 2.
-25
What is the value of -8 + 4 + (-4 - -4) + 11 - -4?
11
Calculate (31 - (7 + 7)) + -2 - 50.
-35
What is -5 + (-24 - (-24 - 16))?
11
What is the value of -5 - ((-28 - (-6 - -6)) + (-1 - 3))?
27
Evaluate (9 + -6 - 8) + (-10 - -2) + 6.
-7
Evaluate (20 - (-14 + 28)) + -34.
-28
What is -21 - ((23 - 2) + -41)?
-1
Calculate 34 + -12 - (-6 - -16).
12
-22 + 11 + 34 + -3 + -6
14
What is (-24 - -36) + -1 - 2?
9
What is -18 - -2 - (-16 - (-13 - (1 + -1)))?
-13
Calculate (-9 - -3 - (-13 + 5)) + -9.
-7
(13 + -11 - 13 - -29) + -53
-35
What is the value of 40 + -4 + (-72 - -58)?
22
What is -8 + (-41 - -47) - -9?
7
-11 + (4 - 11 - -8) + 2 + -1
-9
(21 - -10) + 7 - 16
22
Calculate -5 - (-2 - (1 + 11 + -3 + -10)).
-4
(9 - (14 - 1)) + (4 - 3) + -6
-9
-14 + -11 + 15 + 10
0
What is 24 + (-16 + -25 - -23)?
6
What is the value of -7 + (-216 - -216) + (1 - 8)?
-14
(-7 + 2 + 6 - 12) + 26
15
What is the value of -6 + (5 - 5 - -5) + 7 - 2?
4
What is the value of 41 - (-15 - -86) - -32?
2
Evaluate 3 - (5 - (1 + 7)) - (1 + -8).
13
Calculate (0 - 2) + (-9 - (0 - 4)) + 17.
10
9 + -20 + 16 + (-3 - 0)
2
Evaluate 1 - 15 - (72 - 54 - 29).
-3
What is the value of 13 + -42 + 16 + -13?
-26
Calculate (40 - (74 + -29)) + -1 + 8.
2
Calculate -5 - (-1 + 2) - (-262 + 271).
-15
Calculate (-6 - 0) + -5 + 6 + 27 + -11.
11
What is 21 + -15 + -8 + 19?
17
Calculate -10 - (-39 - 1 - (52 + -28 + -28)).
26
What is -8 + (-121 - -129) + (-15 - 1)?
-16
What is the value of -234 - -243 - (-1 - -2)?
8
-2 + (-60 + 32 - (1 + 2))
-33
What is the value of (8 - (-3 + 11)) + 8 + -20?
-12
What is the value of (-75 - -48) + 32 + 1?
6
(-14 + 5 + -5 + 8 - 14) + 6
-14
8 - (6 - (-1 - (4 - 4 - 8)))
9
Evaluate (37 - 49) + (13 - 3).
-2
-5 + (-55 - -13) + 28
-19
Evaluate 34 - (51 - 28 - 8).
19
Calculate 23 + (-1 - (-5 - (-2 - 8))).
17
What is the value of 1 + -3 + (12 - (16 + -15))?
9
(-1 - -25) + 7 + -19
12
What is -8 - (-2 + 3) - -18?
9
Calculate (12 - 1) + (41 - (-37 - -91)).
-2
What is 5 - 3 - -9 - 1 - -1?
11
Calculate 1 + -3 - (644 - 634).
-12
Calculate (-3 - 1 - 0) + (-4 - -3) + 6.
1
Calculate 45 + -13 + -38 + 27.
21
1 - (3 + (-2 - -9) + -3 - 15)
9
What is the value of (0 - (2 - -1)) + 2 + (-7 - -4)?
-4
(17 - 14) + 4 + 3 + -12
-2
Calculate (23 + 11 - 10) + -15.
9
Calculate 4 + 5 + 8 + -9 + -3 + -4.
1
What is -13 + (39 - 17) - 9?
0
What is 7 - (-8 + 11 - -17)?
-13
What is -4 + 30 + (4 - -8)?
38
(-40 - -60) + (1 - -5)
26
Calculate -1 - (-41 + 43) - -21.
18
Evaluate 2 - (2 - (2 - (1 + 5))).
-4
What is the value of 20 - 14 - -4 - -2?
12
Evaluate 6 - (8 - (5 - 0)) - (8 - 4).
-1
14 - (15 - (37 + -25))
11
Calculate (-2 + 1 - 0) + (0 - 7 - -3).
-5
What is the value of (2 - (1 + 5)) + 1 + -7 + 13?
3
Evaluate -2 - -7 - (0 + (4 - 4 - 2)).
7
-19 + (20 - 14 - 6) + -3
-22
What is 15 - (14 + -11 - -13 - 3)?
2
What is 0 + 2 - (689 + -689)?
2
-17 + -4 + (40 - -6)
25
10 + (-14 + 12 - 7)
1
Evaluate 18 + 18 + -30 + 2 + 3.
11
What is 12 + 0 + -9 + (6 - (-2 + -1))?
12
What is 9 + -50 + (-1 - -23)?
-19
Evaluate (5 - 0) + (8 + 10 - 14).
9
Calculate 1 + (-3 - -10) + -35 + 22.
-5
What is (10 + 0 - (-28 - -31)) + (-3 - -2)?
6
What is the value of -2 + 0 + -31 + 38 - (1 + 3)?
1
Evaluate (10 + -4 + -3 - -2) + 5 - -2.
12
What is 0 + -8 - ((-9 - 31) + 16)?
16
What is the value of 19 + -71 + 33 - (1 - 10)?
-10
Calculate (-2 - -9) + 6 + -39 + 17.
-9
What is the value of -9 + 8 - -7 - (1 - 6)?
11
Calculate 4 + 15 + -18 + 5.
6
What is -1 + 0 + -35 + 20 + (6 - 1)?
-11
What is the value of -6 - (25 + -59 + 23)?
5
What is 27 - 2 - 53 - -22?
-6
Calculate (-1 - 12) + (-302 - -312).
-3
Calculate (9 + -2 - 6) + (0 - 6) + -4.
-9
Calculate 31 + -30 + 14 - (26 - -3).
-14
What is 24 - 30 - (6 + 0)?
-12
27 + -4 + (-3 - 2) + -5
13
8 + -13 + 14 + -17
-8
What is (-5 - 0) + 3 - (-16 + 6)?
8
What is the value of 29 + -14 - 28 - -10?
-3
What is -9 + (0 - 0) + (13 + -8 - 4)?
-8
Evaluate -1 + 11 + (-3 - (0 - 4)).
11
6 + 0 + -8 + 18 + (-5 - 0)
11
0 - -14 - (16 + -5 + -4)
7
6 - (-20 - (-20 + 8))
14
Calculate (-70 - (9 + -49)) + 12 + -1.
-19
Evaluate -3 + 3 - (16 + -16 + 12).
-12
(25 - 48) + -14 - -26
-11
What is the value of -1 - (6 - -6 - 20) - 13?
-6
Calculate 2 - ((2 - 4) + -5 + 22 + -9).
-4
-1 - ((18 - 8) + -24)
13
Evaluate -1 + -23 + (947 - 930).
-7
Calculate 5 + (1 + 1 - -2 - 9) - -7.
7
Evaluate -1 + -11 - (20 - 29) - -16.
13
Calculate -15 + (-18 - -19 - -31).
17
10 + -20 + 1 + -3
-12
What is the value of (15 - 17) + 28 + -8?
18
What is -6 + 0 + (21 - 5)?
10
What is the value of (-7 - (-10 - -1)) + 12 + -25 + 6?
-5
Evaluate 0 + 8 + 0 + (-10 - (34 + -28)).
-8
What is (-9 - (3 + -6)) + (-2 - (6 + -6))?
-8
What is 3 + -1 + (-18 - -2) - -21?
7
What is 6 + (-13 - -19) + -10?
2
Calculate (606 - 621) + (-2 - -24).
7
-7 + -3 + -8 + (4 - -3 - 0)
-11
(8 - -2 - -4) + (0 - 5) + 5
14
What is (-2 - -1 - 48) + (230 - 218)?
-37
What is -47 + 55 - -2 - (-1 - -14)?
-3
Calculate 6 - (12 + -3 - (-18 - -33)).
12
What is -27 + 15 + (-6 - -6)?
-12
What is the value of -14 + 0 + (34 - -23 - 48)?
-5
107 + -102 - (10 - 1)
-4
Evaluate (87 - (33 + -6)) + -36.
24
What is 17 + -1 + -9 + -2 + -1 - -7?
11
What is the value of 15 + 9 + -15 + -16?
-7
Evaluate -17 + (31 - (3 + 5)).
6
Calculate -4 + 17 - (40 + -39).
12
What is -23 + 10 + (0 - 3) + -8?
-24
Calculate -5 + (2 + 9 + -13 - (0 + 4)).
-11
What is the value of (0 - 23) + (13 - 16) + -10 + 20?
-16
202 + -230 - (-33 - 1)
6
What is the value of 0 - -3 - (17 - (14 - 3 - -9))?
6
What is the value of -86 + 43 + 28 + (-1 - -5)?
-11
Calculate (17 - -4) + 3 - (19 + -25 + 8).
22
What is -1 - -1 - 1 - (1554 + -1549)?
-6
What is 165 - 157 - (44 - 4)?
-32
What is -12 - (-15 - 10 - -1)?
12
What is the value of 733 + -714 - (-1 + (2 - -1) + 1)?
16
(5 - -10) + -13 + (-9 - 2)
-9
Evaluate -15 + 39 - 21 - -9.
12
Evaluate -16 - (12 + -60 + 17).
15
Calculate 405 + -367 - (17 + 0).
21
Calculate 7 + -1 + -1 - (-4 - (-25 - -17)).
1
Calculate -521 + 515 - (-16 + -2).
12
Evaluate 12 - (7 + -21 + 11 - -11).
4
Calculate -12 + -1 + (12 - 3) + (-6 - 12).
-22
Calculate 71 - 40 - (4 - 6) - 3.
30
Calculate -4 + (-1 - (9 - 7)) + 18.
11
-4 + -6 + -1 + 3 + 2 + 2
-4
What is -2 + 21 + 37 - 35?
21
What is the value of 5 + (23 + -62 - -25)?
-9
Calculate (2 - -3) + (17 + -3 - 10 - 18).
-9
Evaluate 16 + (-13 - (11 + -9)).
1
Evaluate -12 + 1 + -151 + 161 - 16.
-17
(13 - (-6 - -12)) + -7 + (2 - 0)
2
Calculate 0 + 5 - (19 - (3 - -18)) - -14.
21
(-16 - 3) + (2 - (6 + 1)) - 0
-24
What is the value of 32 + -33 + (8 - 1)?
6
Evaluate (15 - 57 - -17) + 13.
-12
Evaluate (-2 - (15 - 7)) + 21 - -3.
14
Calculate -4 + (-9 - 9) + 0.
-22
Evaluate 12 - ((65 - 61) + -2 + 11).
-1
43 + -34 + -40 + 20
-11
What is the value of -2 + 21 - (523 - 500)?
-4
What is the value of 10 + (7 - (6 - (-1 + 6 - 4)))?
12
What is the value of (19 - (7 - 3)) + 3?
18
Evaluate 46 + (22 - 77) + 0 + (18 - 0).
9
Calculate 24 + -2 + (-141 - -109).
-10
(10 + -14 - -11) + -22
-15
Calculate 8 + (-78 + 80 - (0 - -16)).
-6
(0 + -12 - 3) + (-21 - -14)
-22
Evaluate 18 + 6 + -24 + 19 + -12.
7
Evaluate (-8 - -23 - 16) + 18.
17
Calculate 16 - 8 - -10 - (18 + -1).
1
What is 0 - -12 - (-2 + 3 + 0)?
11
54 - (-12 + (9 - -25))
32
Calculate -11 - 5 - (6 + -8).
-14
Evaluate -8 - (-2 + -20 + (-4 - 2) + 10).
10
What is the value of 45 + (37 - 118) + 47?
11
What is the v